78583?
34
Calculate the remainder when 5935181 is divided by 42.
35
What is the remainder when 111390615 is divided by 37130197?
24
Calculate the remainder when 1135926 is divided by 130.
116
What is the remainder when 153002 is divided by 210?
122
What is the remainder when 47473656 is divided by 1570?
1566
What is the remainder when 455451 is divided by 31?
30
Calculate the remainder when 979098 is divided by 985.
8
Calculate the remainder when 159695 is divided by 72.
71
What is the remainder when 2692346 is divided by 229?
222
Calculate the remainder when 1842815 is divided by 3784.
7
Calculate the remainder when 302469578 is divided by 4991.
5
What is the remainder when 29450112 is divided by 45?
42
Calculate the remainder when 2008325 is divided by 5458.
5239
What is the remainder when 89485 is divided by 29603?
676
Calculate the remainder when 38950850 is divided by 1081968.
2
Calculate the remainder when 689314 is divided by 2337.
2236
Calculate the remainder when 6215657 is divided by 3107763.
131
What is the remainder when 557342 is divided by 2029?
1396
What is the remainder when 279866064 is divided by 1446?
1440
Calculate the remainder when 17979 is divided by 478.
293
What is the remainder when 16770870 is divided by 5396?
102
What is the remainder when 36573279 is divided by 1219107?
69
What is the remainder when 85512 is divided by 85496?
16
What is the remainder when 60194 is divided by 1681?
1359
What is the remainder when 387863 is divided by 129276?
35
Calculate the remainder when 1833499 is divided by 951.
922
What is the remainder when 5838598 is divided by 50?
48
What is the remainder when 7455196 is divided by 146?
144
Calculate the remainder when 4094191 is divided by 1617.
1564
Calculate the remainder when 1742798 is divided by 116186.
8
Calculate the remainder when 2104020 is divided by 91.
9
Calculate the remainder when 54471 is divided by 27207.
57
What is the remainder when 540885055 is divided by 34?
33
Calculate the remainder when 1493171 is divided by 1493141.
30
Calculate the remainder when 27326 is divided by 3379.
294
What is the remainder when 144742568 is divided by 1166?
1158
Calculate the remainder when 306582 is divided by 33942.
1104
Calculate the remainder when 173291158 is divided by 210.
208
Calculate the remainder when 28861146 is divided by 223.
40
Calculate the remainder when 19778635 is divided by 41.
30
Calculate the remainder when 3458446 is divided by 73583.
45
Calculate the remainder when 115894 is divided by 577.
494
Calculate the remainder when 3734959 is divided by 367.
0
Calculate the remainder when 853351 is divided by 5702.
3753
Calculate the remainder when 18386328 is divided by 118.
40
Calculate the remainder when 123506 is divided by 24487.
1071
Calculate the remainder when 41906 is divided by 1074.
20
What is the remainder when 33258128 is divided by 2406?
2396
What is the remainder when 6376103 is divided by 617?
25
Calculate the remainder when 1469365 is divided by 91835.
5
What is the remainder when 447596 is divided by 31971?
2
What is the remainder when 1039382 is divided by 988?
6
Calculate the remainder when 2058761 is divided by 272.
265
Calculate the remainder when 6079494 is divided by 90.
84
What is the remainder when 26242 is divided by 897?
229
Calculate the remainder when 210267837 is divided by 12.
9
What is the remainder when 1108272 is divided by 338?
308
Calculate the remainder when 3103747 is divided by 14.
3
What is the remainder when 86001809 is divided by 49?
47
What is the remainder when 105121 is divided by 1455?
361
Calculate the remainder when 254153 is divided by 127063.
27
What is the remainder when 7786550 is divided by 4248?
4214
What is the remainder when 222839 is divided by 1108?
131
Calculate the remainder when 1565541 is divided by 1591.
1588
Calculate the remainder when 81006516 is divided by 3629.
3607
Calculate the remainder when 3124442 is divided by 624887.
7
What is the remainder when 83298052 is divided by 62?
60
What is the remainder when 12503015 is divided by 1063?
9
What is the remainder when 3060433 is divided by 15775?
83
Calculate the remainder when 955349 is divided by 126.
17
Calculate the remainder when 1199510 is divided by 797.
25
What is the remainder when 26322441 is divided by 188?
185
What is the remainder when 3856632 is divided by 99?
87
What is the remainder when 1595231 is divided by 24?
23
What is the remainder when 60925 is divided by 15223?
33
What is the remainder when 2386905 is divided by 125?
30
What is the remainder when 1151701 is divided by 287820?
421
What is the remainder when 838162873 is divided by 61?
59
Calculate the remainder when 2989731 is divided by 3079.
22
Calculate the remainder when 10797316 is divided by 1568.
68
What is the remainder when 414149 is divided by 2146?
2117
Calculate the remainder when 980095 is divided by 14628.
19
Calculate the remainder when 2909960 is divided by 2909806.
154
Calculate the remainder when 10619652 is divided by 1205.
1192
Calculate the remainder when 103733 is divided by 332.
149
Calculate the remainder when 456834 is divided by 4621.
3976
Calculate the remainder when 23960 is divided by 36.
20
Calculate the remainder when 146065 is divided by 600.
265
Calculate the remainder when 6679738 is divided by 60.
58
Calculate the remainder when 145650 is divided by 46511.
6117
What is the remainder when 10179584 is divided by 2511?
2501
What is the remainder when 30813 is divided by 10250?
63
Calculate the remainder when 4289414 is divided by 11.
8
Calculate the remainder when 56032379 is divided by 180.
179
What is the remainder when 3726621 is divided by 8?
5
What is the remainder when 1354877 is divided by 1318?
1291
Calculate the remainder when 27601253 is divided by 225.
53
What is the remainder when 770740901 is divided by 207?
206
What is the remainder when 10118449 is divided by 65704?
33
What is the remainder when 1970547 is divided by 17914?
7
Calculate the remainder when 20171950 is divided by 2556.
2554
Calculate the remainder when 620292 is divided by 20646.
912
Calculate the remainder when 561389 is divided by 47.
21
Calculate the remainder when 2430 is divided by 646.
492
What is the remainder when 362723 is divided by 5731?
1670
What is the remainder when 8374216 is divided by 61?
14
Calculate the remainder when 46692 is divided by 8939.
1997
What is the remainder when 5479110 is divided by 2739462?
186
Calculate the remainder when 405189 is divided by 1369.
1334
What is the remainder when 259161151 is divided by 14?
11
What is the remainder when 294912 is divided by 3781?
3775
Calculate the remainder when 1661302 is divided by 127771.
279
Calculate the remainder when 510369 is divided by 170103.
60
Calculate the remainder when 492424 is divided by 46.
40
Calculate the remainder when 61863332 is divided by 7.
6
What is the remainder when 30078734 is divided by 659?
656
Calculate the remainder when 34126 is divided by 33571.
555
What is the remainder when 88438 is divided by 3024?
742
Calculate the remainder when 105540 is divided by 26214.
684
What is the remainder when 638674 is divided by 57?
46
What is the remainder when 156297461 is divided by 371?
355
Calculate the remainder when 22745 is divided by 10566.
1613
What is the remainder when 76492 is divided by 6927?
295
What is the remainder when 58090849 is divided by 41?
40
What is the remainder when 8059 is divided by 178?
49
What is the remainder when 1207704 is divided by 121?
3
Calculate the remainder when 219191 is divided by 284.
227
What is the remainder when 675638 is divided by 27021?
113
Calculate the remainder when 3859495 is divided by 1744.
23
Calculate the remainder when 34082369 is divided by 270.
269
Calculate the remainder when 129790994 is divided by 338.
8
Calculate the remainder when 6502776 is divided by 1625684.
40
Calculate the remainder when 236650 is divided by 65.
50
Calculate the remainder when 64623 is divided by 32230.
163
What is the remainder when 172226 is divided by 17195?
276
What is the remainder when 135131 is divided by 697?
610
What is the remainder when 1582862 is divided by 4931?
11
What is the remainder when 8956017 is divided by 1279414?
119
Calculate the